{"id":85,"date":"2016-05-17T18:44:54","date_gmt":"2016-05-17T17:44:54","guid":{"rendered":"http:\/\/gunnarsson.biz\/ljungpress\/?page_id=85"},"modified":"2023-05-21T14:40:18","modified_gmt":"2023-05-21T13:40:18","slug":"put-and-take-fiske","status":"publish","type":"page","link":"https:\/\/gunnarsson.biz\/ljungpress\/?page_id=85","title":{"rendered":"Put and Take-fiske"},"content":{"rendered":"<p>Uppe i gamla dammen vid kraftstationen i Johannisberg kan du prova p\u00e5 fiskelyckan och kanske dra upp en fin regnb\u00e5ge till lunch\/middag.<br \/>\n(Lite os\u00e4kert hur det \u00e4r med \u00f6ppettider och \u00f6ppet \u00f6ht i \u00e5r 2023 med tanke p\u00e5 att det inte varit n\u00e5gon verksamhet d\u00e4r p\u00e5 ett tag, det b\u00e4sta \u00e4r nog att ringa n\u00e5got av telefonnumren p\u00e5 skylten nedan och unders\u00f6ka saken.)<\/p>\n<div id=\"attachment_90\" style=\"width: 650px\" class=\"wp-caption aligncenter\"><a href=\"http:\/\/gunnarsson.biz\/ljungpress\/wp-content\/uploads\/2016\/05\/dammen_oppettider.jpg\"><img loading=\"lazy\" decoding=\"async\" aria-describedby=\"caption-attachment-90\" class=\"size-full wp-image-90\" src=\"http:\/\/gunnarsson.biz\/ljungpress\/wp-content\/uploads\/2016\/05\/dammen_oppettider.jpg\" alt=\"Dammen, \u00f6ppettider.\" width=\"640\" height=\"480\" srcset=\"https:\/\/gunnarsson.biz\/ljungpress\/wp-content\/uploads\/2016\/05\/dammen_oppettider.jpg 640w, https:\/\/gunnarsson.biz\/ljungpress\/wp-content\/uploads\/2016\/05\/dammen_oppettider-300x225.jpg 300w, https:\/\/gunnarsson.biz\/ljungpress\/wp-content\/uploads\/2016\/05\/dammen_oppettider-624x468.jpg 624w\" sizes=\"auto, (max-width: 640px) 100vw, 640px\" \/><\/a><p id=\"caption-attachment-90\" class=\"wp-caption-text\">Dammen, \u00f6ppettider.<\/p><\/div>\n<div id=\"attachment_91\" style=\"width: 650px\" class=\"wp-caption aligncenter\"><a href=\"http:\/\/gunnarsson.biz\/ljungpress\/wp-content\/uploads\/2016\/05\/dammen_vidskylten.jpg\"><img loading=\"lazy\" decoding=\"async\" aria-describedby=\"caption-attachment-91\" class=\"size-full wp-image-91\" src=\"http:\/\/gunnarsson.biz\/ljungpress\/wp-content\/uploads\/2016\/05\/dammen_vidskylten.jpg\" alt=\"Vy vid skylten.\" width=\"640\" height=\"480\" srcset=\"https:\/\/gunnarsson.biz\/ljungpress\/wp-content\/uploads\/2016\/05\/dammen_vidskylten.jpg 640w, https:\/\/gunnarsson.biz\/ljungpress\/wp-content\/uploads\/2016\/05\/dammen_vidskylten-300x225.jpg 300w, https:\/\/gunnarsson.biz\/ljungpress\/wp-content\/uploads\/2016\/05\/dammen_vidskylten-624x468.jpg 624w\" sizes=\"auto, (max-width: 640px) 100vw, 640px\" \/><\/a><p id=\"caption-attachment-91\" class=\"wp-caption-text\">Vy vid skylten.<\/p><\/div>\n<p>Fisk fylls p\u00e5 regelbundet s\u00e5 det \u00e4r nog antagligen rena konststycket att g\u00e5 d\u00e4rifr\u00e5n tomh\u00e4nt.<br \/>\nAvslappnande och n\u00e4ra till v\u00e4g, \u00e4ven lite handikappanpassat med en brygga att st\u00e5\/sitta och fiska ifr\u00e5n.<\/p>\n<div id=\"attachment_89\" style=\"width: 650px\" class=\"wp-caption aligncenter\"><a href=\"http:\/\/gunnarsson.biz\/ljungpress\/wp-content\/uploads\/2016\/05\/dammen_motluckorna.jpg\"><img loading=\"lazy\" decoding=\"async\" aria-describedby=\"caption-attachment-89\" class=\"size-full wp-image-89\" src=\"http:\/\/gunnarsson.biz\/ljungpress\/wp-content\/uploads\/2016\/05\/dammen_motluckorna.jpg\" alt=\"Gamla dammluckorna.\" width=\"640\" height=\"480\" srcset=\"https:\/\/gunnarsson.biz\/ljungpress\/wp-content\/uploads\/2016\/05\/dammen_motluckorna.jpg 640w, https:\/\/gunnarsson.biz\/ljungpress\/wp-content\/uploads\/2016\/05\/dammen_motluckorna-300x225.jpg 300w, https:\/\/gunnarsson.biz\/ljungpress\/wp-content\/uploads\/2016\/05\/dammen_motluckorna-624x468.jpg 624w\" sizes=\"auto, (max-width: 640px) 100vw, 640px\" \/><\/a><p id=\"caption-attachment-89\" class=\"wp-caption-text\">Gamla dammluckorna.<\/p><\/div>\n<div id=\"attachment_87\" style=\"width: 650px\" class=\"wp-caption aligncenter\"><a href=\"http:\/\/gunnarsson.biz\/ljungpress\/wp-content\/uploads\/2016\/05\/dammen_bryggan.jpg\"><img loading=\"lazy\" decoding=\"async\" aria-describedby=\"caption-attachment-87\" class=\"size-full wp-image-87\" src=\"http:\/\/gunnarsson.biz\/ljungpress\/wp-content\/uploads\/2016\/05\/dammen_bryggan.jpg\" alt=\"Brygga med r\u00e4cken\" width=\"640\" height=\"480\" srcset=\"https:\/\/gunnarsson.biz\/ljungpress\/wp-content\/uploads\/2016\/05\/dammen_bryggan.jpg 640w, https:\/\/gunnarsson.biz\/ljungpress\/wp-content\/uploads\/2016\/05\/dammen_bryggan-300x225.jpg 300w, https:\/\/gunnarsson.biz\/ljungpress\/wp-content\/uploads\/2016\/05\/dammen_bryggan-624x468.jpg 624w\" sizes=\"auto, (max-width: 640px) 100vw, 640px\" \/><\/a><p id=\"caption-attachment-87\" class=\"wp-caption-text\">Brygga med r\u00e4cken<\/p><\/div>\n<div id=\"attachment_88\" style=\"width: 650px\" class=\"wp-caption aligncenter\"><a href=\"http:\/\/gunnarsson.biz\/ljungpress\/wp-content\/uploads\/2016\/05\/dammen_Gapahuk.jpg\"><img loading=\"lazy\" decoding=\"async\" aria-describedby=\"caption-attachment-88\" class=\"size-full wp-image-88\" src=\"http:\/\/gunnarsson.biz\/ljungpress\/wp-content\/uploads\/2016\/05\/dammen_Gapahuk.jpg\" alt=\"Naturligtvis finns det tillg\u00e5ng till grill och regn\/vindskydd.\" width=\"640\" height=\"480\" srcset=\"https:\/\/gunnarsson.biz\/ljungpress\/wp-content\/uploads\/2016\/05\/dammen_Gapahuk.jpg 640w, https:\/\/gunnarsson.biz\/ljungpress\/wp-content\/uploads\/2016\/05\/dammen_Gapahuk-300x225.jpg 300w, https:\/\/gunnarsson.biz\/ljungpress\/wp-content\/uploads\/2016\/05\/dammen_Gapahuk-624x468.jpg 624w\" sizes=\"auto, (max-width: 640px) 100vw, 640px\" \/><\/a><p id=\"caption-attachment-88\" class=\"wp-caption-text\">Naturligtvis finns det tillg\u00e5ng till grill och regn\/vindskydd.<\/p><\/div>\n<p>N\u00e4ra till naturen, ja d\u00e5 kan man f\u00e5 se vild\u00e4nder p\u00e5 flykt ocks\u00e5. \ud83d\ude42<\/p>\n<div id=\"attachment_86\" style=\"width: 650px\" class=\"wp-caption aligncenter\"><a href=\"http:\/\/gunnarsson.biz\/ljungpress\/wp-content\/uploads\/2016\/05\/dammen_andar.jpg\"><img loading=\"lazy\" decoding=\"async\" aria-describedby=\"caption-attachment-86\" class=\"size-full wp-image-86\" src=\"http:\/\/gunnarsson.biz\/ljungpress\/wp-content\/uploads\/2016\/05\/dammen_andar.jpg\" alt=\"\u00c4nder p\u00e5 flykt.\" width=\"640\" height=\"480\" srcset=\"https:\/\/gunnarsson.biz\/ljungpress\/wp-content\/uploads\/2016\/05\/dammen_andar.jpg 640w, https:\/\/gunnarsson.biz\/ljungpress\/wp-content\/uploads\/2016\/05\/dammen_andar-300x225.jpg 300w, https:\/\/gunnarsson.biz\/ljungpress\/wp-content\/uploads\/2016\/05\/dammen_andar-624x468.jpg 624w\" sizes=\"auto, (max-width: 640px) 100vw, 640px\" \/><\/a><p id=\"caption-attachment-86\" class=\"wp-caption-text\">\u00c4nder p\u00e5 flykt.<\/p><\/div>\n<p>Fiskekort kr\u00e4vs och s\u00e4ljes p\u00e5 plats.<\/p>\n<p>Fiskedammen ligger p\u00e5 lagom promenad avst\u00e5nd (~1Km) fr\u00e5n <a href=\"http:\/\/gunnarsson.biz\/ljungpress\/?page_id=44\">Str\u00f6vomr\u00e5det Fly<\/a> som n\u00e4mns under fliken &#8221;Sev\u00e4rdheter&#8221;\u00a0 menyn.<\/p>\n<p>OBS! &#8221;Drop in-fiske \u00e4r i sommar (2019) enligt uppgift st\u00e4ngt f\u00f6r allm\u00e4nheten p.g.a d\u00e5lig tillg\u00e5ng p\u00e5 fisk fr\u00e5n ordinarie fiskodlingen, dock skall det g\u00e5 att boka fiske f\u00f6r mindre grupper.<br \/>\nTala med ansvariga p\u00e5 telefonnummer enligt skylten l\u00e4ngre upp p\u00e5 sidan f\u00f6r korrekt information.<\/p>\n","protected":false},"excerpt":{"rendered":"<p>Uppe i gamla dammen vid kraftstationen i Johannisberg kan du prova p\u00e5 fiskelyckan och kanske dra upp en fin regnb\u00e5ge till lunch\/middag. (Lite os\u00e4kert hur det \u00e4r med \u00f6ppettider och \u00f6ppet \u00f6ht i \u00e5r 2023 med tanke p\u00e5 att det inte varit n\u00e5gon verksamhet d\u00e4r p\u00e5 ett tag, det b\u00e4sta \u00e4r nog att ringa n\u00e5got [&hellip;]<\/p>\n","protected":false},"author":1,"featured_media":0,"parent":83,"menu_order":0,"comment_status":"closed","ping_status":"closed","template":"","meta":{"footnotes":""},"class_list":["post-85","page","type-page","status-publish","hentry"],"_links":{"self":[{"href":"https:\/\/gunnarsson.biz\/ljungpress\/index.php?rest_route=\/wp\/v2\/pages\/85","targetHints":{"allow":["GET"]}}],"collection":[{"href":"https:\/\/gunnarsson.biz\/ljungpress\/index.php?rest_route=\/wp\/v2\/pages"}],"about":[{"href":"https:\/\/gunnarsson.biz\/ljungpress\/index.php?rest_route=\/wp\/v2\/types\/page"}],"author":[{"embeddable":true,"href":"https:\/\/gunnarsson.biz\/ljungpress\/index.php?rest_route=\/wp\/v2\/users\/1"}],"replies":[{"embeddable":true,"href":"https:\/\/gunnarsson.biz\/ljungpress\/index.php?rest_route=%2Fwp%2Fv2%2Fcomments&post=85"}],"version-history":[{"count":5,"href":"https:\/\/gunnarsson.biz\/ljungpress\/index.php?rest_route=\/wp\/v2\/pages\/85\/revisions"}],"predecessor-version":[{"id":410,"href":"https:\/\/gunnarsson.biz\/ljungpress\/index.php?rest_route=\/wp\/v2\/pages\/85\/revisions\/410"}],"up":[{"embeddable":true,"href":"https:\/\/gunnarsson.biz\/ljungpress\/index.php?rest_route=\/wp\/v2\/pages\/83"}],"wp:attachment":[{"href":"https:\/\/gunnarsson.biz\/ljungpress\/index.php?rest_route=%2Fwp%2Fv2%2Fmedia&parent=85"}],"curies":[{"name":"wp","href":"https:\/\/api.w.org\/{rel}","templated":true}]}}