{"id":244,"date":"2019-12-29T15:51:23","date_gmt":"2019-12-29T14:51:23","guid":{"rendered":"http:\/\/gunnarsson.biz\/ljungpress\/?page_id=244"},"modified":"2023-12-13T22:18:00","modified_gmt":"2023-12-13T21:18:00","slug":"ljungarocken-2020","status":"publish","type":"page","link":"https:\/\/gunnarsson.biz\/ljungpress\/?page_id=244","title":{"rendered":"Ljungarocken 2024 bekr\u00e4ftad."},"content":{"rendered":"\n<p>ST.nu 13\/12-2023<\/p>\n\n\n\n<p><strong><a rel=\"noreferrer noopener\" href=\"https:\/\/www.st.nu\/2023-12-13\/mellosuccen-klar-for-ljungarocken\" target=\"_blank\">Mellosucc\u00e9n klar f\u00f6r Ljungarocken<\/a><\/strong><br><em>&#8221;Takida och Stiftelsen \u00e4r redan klara f\u00f6r Ljungarocken 2024.<br>Nu st\u00e5r det klart att Smash Into Pieces g\u00f6r dem s\u00e4llskap.&#8221;<\/em><\/p>\n\n\n\n<p><em>&#8221;Den 11 juli \u00e4r det dock stora scenen i Ljungaverk som g\u00e4ller, och det f\u00f6r en gratisspelning i samband med Ljungarockens familjedag.&#8221;<\/em><br>____________________________________________________________<\/p>\n\n\n\n<p>Citat ST.nu 1\/12-2023: <br><em>&#8221;Fredagen den 12 juli och l\u00f6rdag den 13 juli blir det festival.<br>Det kommer att vara \u00e5ldersgr\u00e4ns 18 \u00e5r, 13 \u00e5r i m\u00e5lsmans s\u00e4llskap.<br>Det \u00e4r redan nu klart att s\u00e5 v\u00e4l Stiftelsen som Takida kommer att upptr\u00e4da.<br>Fler artister kommer att presenteras senare.&#8221;<\/em><br><\/p>\n\n\n\n<p>______________________________________________________________<br><\/p>\n\n\n<p>Ljungarocken 2024?<\/p>\n<p>Jo nu \u00e4r det bekr\u00e4ftat att det blir Ljungarocken igen, 12-13 Juli 2024 sm\u00e4ller det igen. Band som i skrivande stund \u00e4r klara \u00e4r kommunens stoltheter Takida och Stiftelsen.<br \/><em><strong data-rich-text-format-boundary=\"true\">I ett inl\u00e4gg p\u00e5 Facebook skriver de att torsdagen den 11 juli kommer att bli en familjedag med fritt intr\u00e4de.<\/strong><\/em><br \/>Mer om detta i ST 1\/12-2023.<\/p>\n<h3 class=\"article__title txt-headline txt-headline-4 txt-headline-6--large\"><span class=\"prose-title\"><a href=\"https:\/\/www.st.nu\/2023-12-01\/ljungarocken-tillbaka-nasta-sommar\" target=\"_blank\" rel=\"noopener\">Ljungarocken tillbaka n\u00e4sta sommar.<\/a><\/span><\/h3>\n<p>\u00a0<\/p>\n<hr \/>\n<p><del>Nu har den varit, Ljungarocken 2022 och det tycks ha varit en kanontillst\u00e4llning trots att v\u00e4dergudarna ville j\u00e4klas<\/del>. <img decoding=\"async\" class=\"emoji\" role=\"img\" draggable=\"false\" src=\"https:\/\/s.w.org\/images\/core\/emoji\/13.0.1\/svg\/1f642.svg\" alt=\"\ud83d\ude42\" \/>.<br \/><del>ST: <a href=\"https:\/\/www.st.nu\/2022-07-15\/sahara-hotnights-rivstartade-ljungarocken\" target=\"_blank\" rel=\"noopener\">&#8221;<span class=\"prose-title\">Sahara Hotnights rivstartade Ljungarocken&#8221;<\/span><\/a><span class=\"prose-title\">\u00a0\u00a0\u00a0<br \/>ST: <a href=\"https:\/\/www.st.nu\/2022-07-17\/hog-berusning-i-samband-med-ljungarocken\" target=\"_blank\" rel=\"noopener\">&#8221;<\/a><\/span><span class=\"prose-title\">H\u00f6g berusning i samband med Ljungarocken&#8221;<\/span><\/del><\/p>\n\n\n<figure class=\"wp-block-embed is-type-video is-provider-youtube wp-block-embed-youtube wp-embed-aspect-16-9 wp-has-aspect-ratio\"><div class=\"wp-block-embed__wrapper\">\n<iframe loading=\"lazy\" title=\"Ljungarocken 2022\" width=\"625\" height=\"352\" src=\"https:\/\/www.youtube.com\/embed\/ODrxM0RUVAU?feature=oembed\" frameborder=\"0\" allow=\"accelerometer; autoplay; clipboard-write; encrypted-media; gyroscope; picture-in-picture; web-share\" referrerpolicy=\"strict-origin-when-cross-origin\" allowfullscreen><\/iframe>\n<\/div><\/figure>\n\n\n\n<p><strong><a rel=\"noreferrer noopener\" href=\"https:\/\/www.st.nu\/artikel\/arenafesten-sensommar-och-ljungarocken-stalls-in-stor-sorg-i-vara-hjartan\" target=\"_blank\">Ljungarocken st\u00e4lls in: &#8221;Stor sorg i v\u00e5ra hj\u00e4rtan&#8221;<\/a><\/strong><br><em><s>&#8221;Coronapandemin s\u00e4tter \u00e5terigen stopp f\u00f6r flera stora evenemang. Nu kommer H\u00f6ga Kusten N\u00f6je med beskedet att Arenafesten, Sensommar, Ljungarocken och stadsfesterna i H\u00e4rn\u00f6sand och Kramfors flyttas fram till 2022.&#8221;<\/s><\/em><\/p>\n\n\n\n<p>Aktuell info finns alltid p\u00e5 <a rel=\"noreferrer noopener\" href=\"https:\/\/ljungarocken.com\/\" target=\"_blank\">www.ljungarocken.com<\/a><\/p>\n\n\n\n<p>Fr\u00e5n <strong><a rel=\"noreferrer noopener\" href=\"https:\/\/www.facebook.com\/Ljungarocken\/\" target=\"_blank\">Ljungarockens Fa<\/a><a href=\"https:\/\/www.facebook.com\/Ljungarocken\/\" target=\"_blank\" rel=\"noreferrer noopener\">c<\/a><a rel=\"noreferrer noopener\" href=\"https:\/\/www.facebook.com\/Ljungarocken\/\" target=\"_blank\">ebooksida<\/a><\/strong> idag 2021-05-28:<\/p>\n\n\n\n<iframe loading=\"lazy\" src=\"https:\/\/www.facebook.com\/plugins\/post.php?href=https%3A%2F%2Fwww.facebook.com%2FLjungarocken%2Fposts%2F4330987870269413&amp;show_text=true&amp;width=500\" style=\"border:none;overflow:hidden\" scrolling=\"no\" allowfullscreen=\"true\" allow=\"autoplay; clipboard-write; encrypted-media; picture-in-picture; web-share\" width=\"500\" height=\"712\" frameborder=\"0\"><\/iframe>\n\n\n\n<p><del>Tyv\u00e4rr blev det inget Ljungarocken 2020 p.g.a Covid-19, men man planerar en Ljungarock 2021 ist\u00e4llet. Enligt vad man kan ana s\u00e5 kommer den \u00e4ga rum 16-17\/7 dvs fredag och l\u00f6rdag.<\/del><\/p>\n\n\n\n<p>Aftonbladet ifjol i Maj:<br><a rel=\"noopener\" href=\"https:\/\/www.aftonbladet.se\/nojesbladet\/a\/wPqQpG\/ljungarocken-staller-in--satsar-pa-2021\" target=\"_blank\"><strong>Ljungarocken st\u00e4ller in \u2013 satsar p\u00e5 2021<\/strong><\/a><br><em><s>&#8221;Rockbandet Takidas egna festival Ljungarocken, som brukar h\u00e5llas i Ljungaverk i \u00c5nge kommun, st\u00e4ller in i \u00e5r p\u00e5 grund av coronaviruset.&#8221;<\/s><br><\/em><br><s>Man f\u00e5r intrycket att man verkar avse att genomf\u00f6ra den, det g\u00e5r iaf boka biljetter p\u00e5 Biljettshop.se?<\/s><br><a rel=\"noopener\" href=\"https:\/\/biljettshop.se\/sv\/ljungarocken-ljungaverk-10-11-juli\/\" target=\"_blank\"><strong>Ljungarocken 2021<br><\/strong><\/a><br>Ljungarockens hemsida d\u00e4r artister och nyheter presenteras:<br><a href=\"http:\/\/www.ljungarocken.se\/\"><span style=\"text-decoration: underline;\"><strong>www.ljungarocken.se<\/strong><\/span><\/a><\/p>\n\n\n\n<p><span style=\"text-decoration: underline;\"><strong><a href=\"https:\/\/www.facebook.com\/Ljungarocken\/\">Ljungarocken p\u00e5 Facebook<br><\/a><\/strong><\/span><\/p>\n\n\n\n<p><img loading=\"lazy\" decoding=\"async\" class=\"\" src=\"https:\/\/dst15js82dk7j.cloudfront.net\/48180\/87814719-IVegj.jpg\" alt=\"\" width=\"299\" height=\"124\"><br>F\u00f6r er som \u00e4mnar campa s\u00e5 rekommenderas Karlsro Flyers CampKarlsro som \u00e4r ben\u00e4get p\u00e5 lagom promenadavst\u00e5nd fr\u00e5n sj\u00e4lva festplatsen. Bes\u00f6k deras hemsida f\u00f6r mer information:<br><span style=\"text-decoration: underline; color: #000080;\"><strong><a href=\"http:\/\/www.karlsroflyers.se\/startsida\/ljungarocken-campkarlsro-25479691\" target=\"_blank\" rel=\"noreferrer noopener\">Karlsro Flyers CampKarlsro<\/a><\/strong><\/span><a href=\"http:\/\/www.karlsroflyers.se\/startsida\/ljungarocken-campkarlsro-25479691\" target=\"_blank\" rel=\"noreferrer noopener\"><span style=\"text-decoration: underline; color: #000080;\"><strong><br><\/strong><\/span><\/a><\/p>\n\n\n\n<figure class=\"wp-block-image alignnone\"><img decoding=\"async\" src=\"http:\/\/gunnarsson.biz\/pictures_blogg\/ljungarocken_bloggbilder\/koe1.jpg\" alt=\"S\u00e5 h\u00e4r s\u00e5g biljettk\u00f6n ut f\u00f6rsta g\u00e5ngen Ljunganrocken gick av stapeln 2011\"\/><figcaption>S\u00e5 h\u00e4r s\u00e5g biljettk\u00f6n ut f\u00f6rsta g\u00e5ngen Ljunganrocken gick av stapeln 2011, tog ~45 minuter innan man fick sitt armband. \ud83d\ude42<\/figcaption><\/figure>\n\n\n\n<figure class=\"wp-block-image alignnone\"><img decoding=\"async\" src=\"http:\/\/gunnarsson.biz\/pictures_blogg\/ljungarocken_bloggbilder\/utanfor_oltalt.jpg\" alt=\"Flitigt med bes\u00f6kare kring \"\/><figcaption>Flitigt med bes\u00f6kare kring &#8221;\u00f6lt\u00e4ltet&#8221; redan innan n\u00e5gon grupp b\u00f6rjat spela.<\/figcaption><\/figure>\n\n\n\n<figure class=\"wp-block-image alignnone\"><img decoding=\"async\" src=\"http:\/\/gunnarsson.biz\/pictures_blogg\/ljungarocken_bloggbilder\/storascenen_dagen.jpg\" alt=\"Scenen gapar tom i solskenet, men sen blev det \"\/><figcaption>Scenen gapar tom i solskenet, men sen blev det &#8221;draaaag&#8221; som Ingemar Andersson brukar s\u00e4ga.<\/figcaption><\/figure>\n\n\n\n<figure class=\"wp-block-image alignnone\"><img decoding=\"async\" src=\"http:\/\/gunnarsson.biz\/pictures_blogg\/ljungarocken_bloggbilder\/takida3.jpg\" alt=\"Fram\u00e5t nattkr\u00f6ken och Takida p\u00e5 scenen.\"\/><figcaption>Fram\u00e5t nattkr\u00f6ken och Takida p\u00e5 scenen.<\/figcaption><\/figure>\n","protected":false},"excerpt":{"rendered":"<p>ST.nu 13\/12-2023 Mellosucc\u00e9n klar f\u00f6r Ljungarocken&#8221;Takida och Stiftelsen \u00e4r redan klara f\u00f6r Ljungarocken 2024.Nu st\u00e5r det klart att Smash Into Pieces g\u00f6r dem s\u00e4llskap.&#8221; &#8221;Den 11 juli \u00e4r det dock stora scenen i Ljungaverk som g\u00e4ller, och det f\u00f6r en gratisspelning i samband med Ljungarockens familjedag.&#8221;____________________________________________________________ Citat ST.nu 1\/12-2023: &#8221;Fredagen den 12 juli och l\u00f6rdag [&hellip;]<\/p>\n","protected":false},"author":1,"featured_media":0,"parent":196,"menu_order":0,"comment_status":"closed","ping_status":"closed","template":"","meta":{"footnotes":""},"class_list":["post-244","page","type-page","status-publish","hentry"],"_links":{"self":[{"href":"https:\/\/gunnarsson.biz\/ljungpress\/index.php?rest_route=\/wp\/v2\/pages\/244","targetHints":{"allow":["GET"]}}],"collection":[{"href":"https:\/\/gunnarsson.biz\/ljungpress\/index.php?rest_route=\/wp\/v2\/pages"}],"about":[{"href":"https:\/\/gunnarsson.biz\/ljungpress\/index.php?rest_route=\/wp\/v2\/types\/page"}],"author":[{"embeddable":true,"href":"https:\/\/gunnarsson.biz\/ljungpress\/index.php?rest_route=\/wp\/v2\/users\/1"}],"replies":[{"embeddable":true,"href":"https:\/\/gunnarsson.biz\/ljungpress\/index.php?rest_route=%2Fwp%2Fv2%2Fcomments&post=244"}],"version-history":[{"count":29,"href":"https:\/\/gunnarsson.biz\/ljungpress\/index.php?rest_route=\/wp\/v2\/pages\/244\/revisions"}],"predecessor-version":[{"id":437,"href":"https:\/\/gunnarsson.biz\/ljungpress\/index.php?rest_route=\/wp\/v2\/pages\/244\/revisions\/437"}],"up":[{"embeddable":true,"href":"https:\/\/gunnarsson.biz\/ljungpress\/index.php?rest_route=\/wp\/v2\/pages\/196"}],"wp:attachment":[{"href":"https:\/\/gunnarsson.biz\/ljungpress\/index.php?rest_route=%2Fwp%2Fv2%2Fmedia&parent=244"}],"curies":[{"name":"wp","href":"https:\/\/api.w.org\/{rel}","templated":true}]}}