{"id":555,"date":"2011-10-01T21:00:59","date_gmt":"2011-10-01T19:00:59","guid":{"rendered":"http:\/\/gunnarsson.biz\/blogg\/?page_id=555"},"modified":"2014-07-19T22:17:18","modified_gmt":"2014-07-19T20:17:18","slug":"tom-stormy-trio","status":"publish","type":"page","link":"https:\/\/gunnarsson.biz\/blogg\/?page_id=555","title":{"rendered":"Rhythm Sophie (Tom Stormy Trio.)"},"content":{"rendered":"<p>Rhythm Sophie, antagligen det charmigaste jag vilat \u00f6gonen p\u00e5 senare \u00e5r.. Se sj\u00e4lva.<br \/>\n\ud83d\ude42<\/p>\n<p>Tom Stormy Trio feat. Rhythm Sophie: Finders Keepers<\/p>\n<p><object width=\"640\" height=\"360\"><param name=\"movie\" value=\"http:\/\/www.youtube.com\/v\/WMWE4_ihu3Y?version=3&amp;hl=sv_SE\"\/><param name=\"allowFullScreen\" value=\"true\"\/><param name=\"allowscriptaccess\" value=\"always\"\/><embed src=\"http:\/\/www.youtube.com\/v\/WMWE4_ihu3Y?version=3&amp;hl=sv_SE\" type=\"application\/x-shockwave-flash\" width=\"640\" height=\"360\" allowscriptaccess=\"always\" allowfullscreen=\"true\"\/><\/object><\/p>\n<p>Tom Stormy Trio feat. Rhythm Sophie &#8211; Rockabilly Rhythm<\/p>\n<p><iframe loading=\"lazy\" width=\"640\" height=\"360\" src=\"http:\/\/www.youtube-nocookie.com\/embed\/pCLGqTCm1EE\" frameborder=\"0\" allowfullscreen><\/iframe><\/p>\n<p>Gotta Gimme What&#8217;cha Got.<br \/>\n<object width=\"640\" height=\"360\"><param name=\"movie\" value=\"http:\/\/www.youtube.com\/v\/4gorzh1S0aE?version=3&amp;hl=sv_SE\"\/><param name=\"allowFullScreen\" value=\"true\"\/><param name=\"allowscriptaccess\" value=\"always\"\/><embed src=\"http:\/\/www.youtube.com\/v\/4gorzh1S0aE?version=3&amp;hl=sv_SE\" type=\"application\/x-shockwave-flash\" width=\"640\" height=\"360\" allowscriptaccess=\"always\" allowfullscreen=\"true\"\/><\/object><\/p>\n<p>Little Boy .<br \/>\n<object width=\"640\" height=\"360\"><param name=\"movie\" value=\"http:\/\/www.youtube.com\/v\/ve87qPfrn5k?version=3&amp;hl=sv_SE\"\/><param name=\"allowFullScreen\" value=\"true\"\/><param name=\"allowscriptaccess\" value=\"always\"\/><embed src=\"http:\/\/www.youtube.com\/v\/ve87qPfrn5k?version=3&amp;hl=sv_SE\" type=\"application\/x-shockwave-flash\" width=\"640\" height=\"360\" allowscriptaccess=\"always\" allowfullscreen=\"true\"\/><\/object><\/p>\n","protected":false},"excerpt":{"rendered":"<p>Rhythm Sophie, antagligen det charmigaste jag vilat \u00f6gonen p\u00e5 senare \u00e5r.. Se sj\u00e4lva. \ud83d\ude42 Tom Stormy Trio feat. Rhythm Sophie: Finders Keepers Tom Stormy Trio feat. Rhythm Sophie &#8211; Rockabilly Rhythm Gotta Gimme What&#8217;cha Got. Little Boy .<\/p>\n","protected":false},"author":92,"featured_media":0,"parent":462,"menu_order":0,"comment_status":"closed","ping_status":"closed","template":"","meta":{"footnotes":""},"class_list":["post-555","page","type-page","status-publish","hentry"],"_links":{"self":[{"href":"https:\/\/gunnarsson.biz\/blogg\/index.php?rest_route=\/wp\/v2\/pages\/555","targetHints":{"allow":["GET"]}}],"collection":[{"href":"https:\/\/gunnarsson.biz\/blogg\/index.php?rest_route=\/wp\/v2\/pages"}],"about":[{"href":"https:\/\/gunnarsson.biz\/blogg\/index.php?rest_route=\/wp\/v2\/types\/page"}],"author":[{"embeddable":true,"href":"https:\/\/gunnarsson.biz\/blogg\/index.php?rest_route=\/wp\/v2\/users\/92"}],"replies":[{"embeddable":true,"href":"https:\/\/gunnarsson.biz\/blogg\/index.php?rest_route=%2Fwp%2Fv2%2Fcomments&post=555"}],"version-history":[{"count":10,"href":"https:\/\/gunnarsson.biz\/blogg\/index.php?rest_route=\/wp\/v2\/pages\/555\/revisions"}],"predecessor-version":[{"id":3919,"href":"https:\/\/gunnarsson.biz\/blogg\/index.php?rest_route=\/wp\/v2\/pages\/555\/revisions\/3919"}],"up":[{"embeddable":true,"href":"https:\/\/gunnarsson.biz\/blogg\/index.php?rest_route=\/wp\/v2\/pages\/462"}],"wp:attachment":[{"href":"https:\/\/gunnarsson.biz\/blogg\/index.php?rest_route=%2Fwp%2Fv2%2Fmedia&parent=555"}],"curies":[{"name":"wp","href":"https:\/\/api.w.org\/{rel}","templated":true}]}}